{"id":26,"date":"2019-10-30T08:04:23","date_gmt":"2019-10-30T08:04:23","guid":{"rendered":"https:\/\/demo.casethemes.net\/consultio-corporate1\/?page_id=26"},"modified":"2025-05-24T14:05:03","modified_gmt":"2025-05-24T11:05:03","slug":"kurumsal","status":"publish","type":"page","link":"https:\/\/egearge.com.tr\/?page_id=26","title":{"rendered":"KURUMSAL"},"content":{"rendered":"\t\t<div data-elementor-type=\"wp-page\" data-elementor-id=\"26\" class=\"elementor elementor-26\">\n\t\t\t\t        <section class=\"elementor-section elementor-top-section elementor-element elementor-element-bf4d915 elementor-section-boxed elementor-section-height-default elementor-section-height-default ct-header-fixed-none ct-row-max-none\" data-id=\"bf4d915\" data-element_type=\"section\">\n            \n                        <div class=\"elementor-container elementor-column-gap-extended \">\n                    <div class=\"elementor-column elementor-col-100 elementor-top-column elementor-element elementor-element-5282614\" data-id=\"5282614\" data-element_type=\"column\">\n        <div class=\"elementor-widget-wrap elementor-element-populated\">\n                    \n        \t\t<div class=\"elementor-element elementor-element-9d091b6 elementor-widget elementor-widget-ct_heading\" data-id=\"9d091b6\" data-element_type=\"widget\" data-widget_type=\"ct_heading.default\">\n\t\t\t\t<div class=\"elementor-widget-container\">\n\t\t\t\t\t<div id=\"ct_heading-9d091b6\" class=\"ct-heading h-align- sub- ct-heading-left item-st-line-left1\">\r\n\t<div class=\"ct-item--inner\">\r\n        <div class=\"ct-inline-css\"  data-css=\"\r\n            \">\r\n        <\/div>\r\n                <h3 class=\"item--title st-line-left1 case-animate-time\" data-wow-delay=\"ms\">\r\n                        <span class=\"sp-main\">\r\n                                    <i><\/i>\r\n                \r\n                EGE ARGE TEKN\u0130K HIRDAVAT SAN. VE T\u0130C. LTD. \u015eT\u0130.\n\n\r\n                \r\n                            <\/span>\r\n                    <\/h3>\r\n    <\/div>\r\n<\/div>\t\t\t\t<\/div>\n\t\t\t\t<\/div>\n\t\t\t\t<div class=\"elementor-element elementor-element-55a8e2e elementor-widget elementor-widget-text-editor\" data-id=\"55a8e2e\" data-element_type=\"widget\" data-widget_type=\"text-editor.default\">\n\t\t\t\t<div class=\"elementor-widget-container\">\n\t\t\t\t\t\t\t\t\t<p class=\"\" data-start=\"354\" data-end=\"597\">2010 y\u0131l\u0131nda kurulan Arge Teknik H\u0131rdavat, g\u00fc\u00e7l\u00fc bir b\u00fcy\u00fcme ivmesiyle sekt\u00f6rdeki yerini sa\u011flamla\u015ft\u0131rm\u0131\u015f, bug\u00fcn ise 8500\u2019\u00fc a\u015fk\u0131n \u00fcr\u00fcn \u00e7e\u015fitlili\u011fiyle T\u00fcrkiye genelinde hizmet veren, k\u00f6kl\u00fc ve dinamik bir h\u0131rdavat tedarik firmas\u0131 haline gelmi\u015ftir.<\/p><p class=\"\" data-start=\"599\" data-end=\"974\">Distrib\u00fct\u00f6rl\u00fck ve bayiliklerini \u00fcstlendi\u011fimiz global markalar\u0131n yan\u0131 s\u0131ra, sekt\u00f6r\u00fcnde g\u00fcven ve kaliteyle an\u0131lan yerli \u00fcreticilerle de stratejik i\u015f ortakl\u0131klar\u0131 geli\u015ftiriyoruz. \u00dcr\u00fcn portf\u00f6y\u00fcm\u00fcz; el aletlerinden yap\u0131 kimyasallar\u0131na, i\u015f g\u00fcvenlik ekipmanlar\u0131ndan temizlik makinelerine kadar geni\u015f bir yelpazeyi kapsamakta ve showroom ma\u011fazam\u0131zda kullan\u0131c\u0131lar\u0131m\u0131zla bulu\u015fmaktad\u0131r.<\/p><p class=\"\" data-start=\"976\" data-end=\"1222\">\u0130thal \u00fcr\u00fcn se\u00e7iminde; kalite, maliyet ve teslimat s\u00fcresi gibi t\u00fcm kriterleri titizlikle de\u011ferlendiriyor, \u00fcr\u00fcn\u00fcn ya\u015fam d\u00f6ng\u00fcs\u00fcndeki t\u00fcm a\u015famalar\u0131 \u2013 ithalat, stok y\u00f6netimi, sat\u0131\u015f ve sat\u0131\u015f sonras\u0131 hizmet \u2013 kendi b\u00fcnyemizde profesyonelce y\u00f6netiyoruz.<\/p><p class=\"\" data-start=\"1224\" data-end=\"1489\">Kuruldu\u011fumuz g\u00fcnden bu yana benimsedi\u011fimiz temel ilke; sadece \u00fcr\u00fcn sat\u0131\u015f\u0131 de\u011fil, \u00e7\u00f6z\u00fcm ortakl\u0131\u011f\u0131 sunmak olmu\u015ftur. S\u00fcrd\u00fcr\u00fclebilir i\u015f birliklerine, m\u00fc\u015fteri memnuniyetine ve teknolojik geli\u015fmelere yat\u0131r\u0131m yaparak, sekt\u00f6r\u00fcm\u00fczdeki de\u011fi\u015fimin \u00f6nc\u00fcs\u00fc olmaya devam ediyoruz.<\/p><p class=\"\" data-start=\"1491\" data-end=\"1580\">Bizi tercih eden t\u00fcm m\u00fc\u015fterilerimize, birlikte b\u00fcy\u00fcd\u00fc\u011f\u00fcm\u00fcz bu yolculukta te\u015fekk\u00fcr ederiz.<\/p>\t\t\t\t\t\t\t\t<\/div>\n\t\t\t\t<\/div>\n\t\t\t\t<div class=\"elementor-element elementor-element-0bfaa4c elementor-widget elementor-widget-ct_heading\" data-id=\"0bfaa4c\" data-element_type=\"widget\" data-widget_type=\"ct_heading.default\">\n\t\t\t\t<div class=\"elementor-widget-container\">\n\t\t\t\t\t<div id=\"ct_heading-0bfaa4c\" class=\"ct-heading h-align- sub- ct-heading-left item-st-line-left1\">\r\n\t<div class=\"ct-item--inner\">\r\n        <div class=\"ct-inline-css\"  data-css=\"\r\n            \">\r\n        <\/div>\r\n                <h3 class=\"item--title st-line-left1 case-animate-time\" data-wow-delay=\"ms\">\r\n                        <span class=\"sp-main\">\r\n                                    <i><\/i>\r\n                \r\n                V\u0130ZYONUMUZ\n\r\n                \r\n                            <\/span>\r\n                    <\/h3>\r\n    <\/div>\r\n<\/div>\t\t\t\t<\/div>\n\t\t\t\t<\/div>\n\t\t\t\t<div class=\"elementor-element elementor-element-d7005f0 elementor-widget elementor-widget-text-editor\" data-id=\"d7005f0\" data-element_type=\"widget\" data-widget_type=\"text-editor.default\">\n\t\t\t\t<div class=\"elementor-widget-container\">\n\t\t\t\t\t\t\t\t\t<p class=\"\" data-start=\"1608\" data-end=\"1846\">T\u00fcrkiye\u2019de ve uluslararas\u0131 pazarlarda; h\u0131rdavat sekt\u00f6r\u00fcn\u00fcn en g\u00fcvenilir, en yenilik\u00e7i ve \u00e7\u00f6z\u00fcm odakl\u0131 markalar\u0131ndan biri olmak. Sadece bug\u00fcn\u00fcn de\u011fil, gelece\u011fin ihtiya\u00e7lar\u0131n\u0131 da \u00f6ng\u00f6ren \u00fcr\u00fcn ve hizmetlerle sekt\u00f6r standartlar\u0131n\u0131 y\u00fckseltmek.<\/p>\t\t\t\t\t\t\t\t<\/div>\n\t\t\t\t<\/div>\n\t\t\t\t<div class=\"elementor-element elementor-element-45bbf40 elementor-widget elementor-widget-ct_heading\" data-id=\"45bbf40\" data-element_type=\"widget\" data-widget_type=\"ct_heading.default\">\n\t\t\t\t<div class=\"elementor-widget-container\">\n\t\t\t\t\t<div id=\"ct_heading-45bbf40\" class=\"ct-heading h-align- sub- ct-heading-left item-st-line-left1\">\r\n\t<div class=\"ct-item--inner\">\r\n        <div class=\"ct-inline-css\"  data-css=\"\r\n            \">\r\n        <\/div>\r\n                <h3 class=\"item--title st-line-left1 case-animate-time\" data-wow-delay=\"ms\">\r\n                        <span class=\"sp-main\">\r\n                                    <i><\/i>\r\n                \r\n                M\u0130SYONUMUZ\n\r\n                \r\n                            <\/span>\r\n                    <\/h3>\r\n    <\/div>\r\n<\/div>\t\t\t\t<\/div>\n\t\t\t\t<\/div>\n\t\t\t\t<div class=\"elementor-element elementor-element-176c3a2 elementor-widget elementor-widget-text-editor\" data-id=\"176c3a2\" data-element_type=\"widget\" data-widget_type=\"text-editor.default\">\n\t\t\t\t<div class=\"elementor-widget-container\">\n\t\t\t\t\t\t\t\t\t<ul><li>M\u00fc\u015fterilerimize y\u00fcksek kaliteli, g\u00fcvenilir ve ekonomik \u00fcr\u00fcnler sunmak,<\/li><li>Geni\u015f \u00fcr\u00fcn yelpazemiz ve g\u00fc\u00e7l\u00fc lojistik altyap\u0131m\u0131zla h\u0131zl\u0131 ve etkili hizmet sa\u011flamak,<\/li><li>Sat\u0131\u015f sonras\u0131 destek s\u00fcre\u00e7lerini s\u00fcrd\u00fcr\u00fclebilir memnuniyet oda\u011f\u0131yla y\u00f6netmek,<\/li><li>Sekt\u00f6rel yenilikleri takip ederek s\u00fcrekli geli\u015fmek ve geli\u015ftirmek,<\/li><li>Tedarik zincirinde yer alan t\u00fcm payda\u015flar\u0131m\u0131zla uzun soluklu ve \u015feffaf ili\u015fkiler kurmak.<\/li><\/ul>\t\t\t\t\t\t\t\t<\/div>\n\t\t\t\t<\/div>\n\t\t\t\t<div class=\"elementor-element elementor-element-41e6e03 elementor-widget elementor-widget-ct_signature\" data-id=\"41e6e03\" data-element_type=\"widget\" data-widget_type=\"ct_signature.default\">\n\t\t\t\t<div class=\"elementor-widget-container\">\n\t\t\t\t\t<div class=\"ct-signature1  style1\">\r\n\t        <div class=\"signature-image\">\r\n        \t<img decoding=\"async\" width=\"110\" height=\"65\" src=\"https:\/\/egearge.com.tr\/wp-content\/uploads\/2025\/05\/Besli-1.jpg\" class=\"attachment-full\" alt=\"\" \/>        <\/div>\r\n        <div class=\"signature-meta\">\r\n    \t<h3><\/h3>\r\n    \t<span><\/span>\r\n    <\/div>\r\n<\/div>\r\n\t\t\t\t<\/div>\n\t\t\t\t<\/div>\n\t\t            <\/div>\n        <\/div>\n                    <\/div>\n        <\/section>\n                <section class=\"elementor-section elementor-top-section elementor-element elementor-element-3328b5d elementor-section-boxed elementor-section-height-default elementor-section-height-default ct-header-fixed-none ct-row-max-none\" data-id=\"3328b5d\" data-element_type=\"section\">\n            \n                        <div class=\"elementor-container elementor-column-gap-extended \">\n                    <div class=\"elementor-column elementor-col-100 elementor-top-column elementor-element elementor-element-2933d62\" data-id=\"2933d62\" data-element_type=\"column\">\n        <div class=\"elementor-widget-wrap elementor-element-populated\">\n                    \n        \t\t<div class=\"elementor-element elementor-element-1a03c0b elementor-widget elementor-widget-ct_cta\" data-id=\"1a03c0b\" data-element_type=\"widget\" data-widget_type=\"ct_cta.default\">\n\t\t\t\t<div class=\"elementor-widget-container\">\n\t\t\t\t\t<div class=\"ct-cta1 \">\r\n            <div class=\"item--holder\">\r\n            <span class=\"item--title\">Ege Arge Teknik <\/span>\r\n            <span class=\"item--desc\">d\u00fcnyas\u0131n\u0131 yak\u0131ndan tan\u0131mak i\u00e7in \u00fcr\u00fcn katalo\u011fumuza g\u00f6z at\u0131n.<\/span>\r\n        <\/div>\r\n                <div class=\"item--button\">\r\n            <a class=\"btn btn-white\" href=\"#\">\r\n                                    <i aria-hidden=\"true\" class=\"fas fa-cloud-download-alt\"><\/i>                                Katalo\u011fu \u0130ndir            <\/a>\r\n        <\/div>\r\n    <\/div>\r\n\t\t\t\t<\/div>\n\t\t\t\t<\/div>\n\t\t            <\/div>\n        <\/div>\n                    <\/div>\n        <\/section>\n                <section class=\"elementor-section elementor-top-section elementor-element elementor-element-720bd044 elementor-section-stretched elementor-section-boxed elementor-section-height-default elementor-section-height-default ct-header-fixed-none ct-row-max-none\" data-id=\"720bd044\" data-element_type=\"section\" data-settings=\"{&quot;stretch_section&quot;:&quot;section-stretched&quot;,&quot;background_background&quot;:&quot;classic&quot;}\">\n            \n                        <div class=\"elementor-container elementor-column-gap-extended \">\n                    <div class=\"elementor-column elementor-col-100 elementor-top-column elementor-element elementor-element-1f6a8df8\" data-id=\"1f6a8df8\" data-element_type=\"column\">\n        <div class=\"elementor-widget-wrap elementor-element-populated\">\n                    \n        \t\t<div class=\"elementor-element elementor-element-49fda913 elementor-widget elementor-widget-ct_clients_list\" data-id=\"49fda913\" data-element_type=\"widget\" data-widget_type=\"ct_clients_list.default\">\n\t\t\t\t<div class=\"elementor-widget-container\">\n\t\t\t\t\t    <div class=\"ct-client1 ct-slick-slider style1\">\r\n        <div class=\"ct-clients-list-inner\">\r\n            <div class=\"ct-slick-carousel\" data-arrows=\"\" data-dots=\"\" data-pauseOnHover=\"\" data-autoplay=\"true\" data-autoplaySpeed=\"8000\" data-infinite=\"true\" data-speed=\"800\" data-colxs=\"1\" data-colsm=\"3\" data-colmd=\"4\" data-collg=\"4\" data-colxl=\"4\" data-dir=\"false\" data-slidesToScroll=\"1\">\r\n                                        <div class=\"slick-slide\">\r\n                            <div class=\"client-image \">\r\n                                <a href=\"#\">\r\n                                    <img decoding=\"async\" width=\"143\" height=\"42\" src=\"https:\/\/egearge.com.tr\/wp-content\/uploads\/2025\/04\/izeltas.png\" class=\"ct-thumb-1 attachment-full\" alt=\"\" \/>                                                                    <\/a>\r\n                            <\/div>\r\n                        <\/div>\r\n                                                            <div class=\"slick-slide\">\r\n                            <div class=\"client-image \">\r\n                                <a href=\"#\">\r\n                                    <img decoding=\"async\" width=\"143\" height=\"42\" src=\"https:\/\/egearge.com.tr\/wp-content\/uploads\/2025\/04\/dewalt.png\" class=\"ct-thumb-1 attachment-full\" alt=\"\" \/>                                                                    <\/a>\r\n                            <\/div>\r\n                        <\/div>\r\n                                                            <div class=\"slick-slide\">\r\n                            <div class=\"client-image \">\r\n                                <a href=\"#\">\r\n                                    <img loading=\"lazy\" decoding=\"async\" width=\"143\" height=\"42\" src=\"https:\/\/egearge.com.tr\/wp-content\/uploads\/2025\/04\/isonem.png\" class=\"ct-thumb-1 attachment-full\" alt=\"\" \/>                                                                    <\/a>\r\n                            <\/div>\r\n                        <\/div>\r\n                                                            <div class=\"slick-slide\">\r\n                            <div class=\"client-image \">\r\n                                <a href=\"#\">\r\n                                    <img loading=\"lazy\" decoding=\"async\" width=\"143\" height=\"42\" src=\"https:\/\/egearge.com.tr\/wp-content\/uploads\/2025\/04\/polisan.png\" class=\"ct-thumb-1 attachment-full\" alt=\"\" \/>                                                                    <\/a>\r\n                            <\/div>\r\n                        <\/div>\r\n                                                            <div class=\"slick-slide\">\r\n                            <div class=\"client-image \">\r\n                                <a href=\"#\">\r\n                                    <img loading=\"lazy\" decoding=\"async\" width=\"143\" height=\"42\" src=\"https:\/\/egearge.com.tr\/wp-content\/uploads\/2025\/04\/hemel.png\" class=\"ct-thumb-1 attachment-full\" alt=\"\" \/>                                                                    <\/a>\r\n                            <\/div>\r\n                        <\/div>\r\n                                                <\/div>\r\n        <\/div>\r\n    <\/div>\r\n\t\t\t\t<\/div>\n\t\t\t\t<\/div>\n\t\t            <\/div>\n        <\/div>\n                    <\/div>\n        <\/section>\n        \t\t<\/div>\n\t\t","protected":false},"excerpt":{"rendered":"<p>EGE ARGE TEKN\u0130K HIRDAVAT SAN. VE T\u0130C. LTD. \u015eT\u0130. 2010 y\u0131l\u0131nda kurulan Arge Teknik H\u0131rdavat, g\u00fc\u00e7l\u00fc bir b\u00fcy\u00fcme ivmesiyle sekt\u00f6rdeki yerini sa\u011flamla\u015ft\u0131rm\u0131\u015f, bug\u00fcn ise 8500\u2019\u00fc a\u015fk\u0131n \u00fcr\u00fcn \u00e7e\u015fitlili\u011fiyle T\u00fcrkiye genelinde hizmet veren, k\u00f6kl\u00fc ve dinamik bir h\u0131rdavat tedarik firmas\u0131 haline gelmi\u015ftir. Distrib\u00fct\u00f6rl\u00fck ve bayiliklerini \u00fcstlendi\u011fimiz global markalar\u0131n yan\u0131 s\u0131ra, sekt\u00f6r\u00fcnde g\u00fcven ve kaliteyle an\u0131lan yerli [&hellip;]<\/p>\n","protected":false},"author":1,"featured_media":0,"parent":0,"menu_order":0,"comment_status":"closed","ping_status":"closed","template":"","meta":{"footnotes":""},"class_list":["post-26","page","type-page","status-publish","hentry"],"_links":{"self":[{"href":"https:\/\/egearge.com.tr\/index.php?rest_route=\/wp\/v2\/pages\/26","targetHints":{"allow":["GET"]}}],"collection":[{"href":"https:\/\/egearge.com.tr\/index.php?rest_route=\/wp\/v2\/pages"}],"about":[{"href":"https:\/\/egearge.com.tr\/index.php?rest_route=\/wp\/v2\/types\/page"}],"author":[{"embeddable":true,"href":"https:\/\/egearge.com.tr\/index.php?rest_route=\/wp\/v2\/users\/1"}],"replies":[{"embeddable":true,"href":"https:\/\/egearge.com.tr\/index.php?rest_route=%2Fwp%2Fv2%2Fcomments&post=26"}],"version-history":[{"count":25,"href":"https:\/\/egearge.com.tr\/index.php?rest_route=\/wp\/v2\/pages\/26\/revisions"}],"predecessor-version":[{"id":4628,"href":"https:\/\/egearge.com.tr\/index.php?rest_route=\/wp\/v2\/pages\/26\/revisions\/4628"}],"wp:attachment":[{"href":"https:\/\/egearge.com.tr\/index.php?rest_route=%2Fwp%2Fv2%2Fmedia&parent=26"}],"curies":[{"name":"wp","href":"https:\/\/api.w.org\/{rel}","templated":true}]}}